be m(-15). Let r be (-1)/5 - (-1899)/45. Calculate the highest common factor of l and r.
6
Let y(d) = -5 + 21*d**2 + 4 + 0. Let t(p) = -p**3 - 2*p**2 + 3*p - 1. Let n be t(-3). Let f be y(n). Calculate the greatest common factor of 80 and f.
20
Suppose -3*l = 2*x - 1823, 5*l - 3055 = 24*x - 19*x. What is the highest common factor of l and 348?
87
Suppose -4*u + u + 4*x = -65, 2*x + 55 = 3*u. Suppose u*a - 6*a = 126. Calculate the greatest common factor of 2 and a.
2
Let o = 3 - -2. Suppose -o*s = -4*d + 13 - 5, 10 = 5*s + 5*d. Let a = s + 1. What is the greatest common factor of 5 and a?
1
Suppose -1642 = -2*k + 258. Calculate the highest common divisor of 38 and k.
38
Suppose -4*s = -3*s. Let l be 3/(-15) - (-42)/10. Suppose h + l*h - 15 = s. What is the highest common factor of h and 33?
3
Suppose 2 - 8 = -b. Suppose 4*i + 0*i + 5*d = b, -3*d - 6 = 0. Suppose i*m = 3*z + 3*m - 245, 2*z - 4*m = 180. Calculate the highest common factor of 20 and z.
20
Suppose -4310*z + 10260 = -4298*z. Calculate the highest common factor of z and 45.
45
Suppose -5*l + 71 = -4*c - 2*l, -2*l = 6. Let k = 44 + c. What is the highest common factor of k and 16?
8
Suppose 7*g - 1423 = 1195. Calculate the greatest common divisor of 34 and g.
34
Suppose -3*n = -n. Let r be n/2 + (3 - -1). Suppose 0 = -5*s - 4*a + 48, -5*a + 9 = 5*s - 36. Calculate the highest common divisor of s and r.
4
Let p = 19 + 5. Suppose -10*q = -6*q - p. What is the greatest common factor of 12 and q?
6
Suppose -3*f = -q + 3*q - 611, 0 = -f - 4*q + 217. Suppose 2*x = -x + f. Let n = -35 + x. Calculate the highest common divisor of 8 and n.
8
Suppose -3*f - 4*z - 14 = 0, 6 + 9 = -3*z. Suppose -4*y + 150 = 3*i, -i + 37 = -y + f*y. What is the greatest common factor of 26 and y?
13
Let t = 32 + 8. What is the highest common factor of t and 120?
40
Let b = 50 + -28. Suppose -b*n + 132 = -18*n. What is the greatest common divisor of n and 3?
3
Let c(r) = 2*r + 8. Let q be c(-16). Let b be -18*(-100)/(-16)*q/15. Calculate the highest common divisor of 20 and b.
20
Let v be -8*(-2)/12*(-9)/2. Let p(s) = s**2 + 4*s - 2. Let r be p(v). Calculate the greatest common factor of 10 and r.
10
Suppose 0 = -3*i + 3*t + 111, 7*t - 4*t + 76 = 2*i. What is the greatest common divisor of 14 and i?
7
Let s = 627 + -578. What is the highest common divisor of s and 56?
7
Let g(i) = -i**3 - i**2 - i. Let r(x) = 3*x - 2. Let a be r(2). Let p be 12/4 - (1 + a). Let q be g(p). Calculate the greatest common divisor of q and 18.
6
Let g(a) = a**2 + 10*a - 83. Let s be g(10). Calculate the greatest common divisor of 26 and s.
13
Suppose -3*u + 42 = 3. What is the greatest common divisor of 104 and u?
13
Suppose 0 = -5*o - 4*b + 7, 2*b + 19 = -o + 6*o. Suppose -o*i + 61 - 16 = -5*w, -2*w - 16 = -i. Calculate the greatest common divisor of i and 10.
10
Let u be ((-6)/4)/(8/(-48)). Let z(w) = w**3 - 9*w**2 + 11*w - 15. Let q be z(u). What is the highest common divisor of 126 and q?
42
Suppose -3*m + 2*c = -57, 3*c = 4*m - 0*m - 75. Suppose -2*z + 684 = 222. What is the greatest common factor of m and z?
21
Suppose -i + 30 = -5*x + 10, -2*x = 5*i - 19. Let q = -75 + 85. What is the highest common factor of q and i?
5
Let r = -166 + 272. Let u = r + -85. Calculate the highest common divisor of 7 and u.
7
Suppose 16 = 4*n, 0 = 3*y - 2*n + 3*n + 11. Let i = y - -8. Let j be 13 - (i - (0 + 2)). Calculate the highest common factor of 12 and j.
12
Let m = 10 - 3. Let o be ((-36)/63)/((-2)/35). Let k = o - m. Calculate the highest common factor of k and 12.
3
Let j be (-6985)/(-155) + 4/(-62). Calculate the greatest common divisor of 162 and j.
9
Let r = 91 + -75. Let o = r - -40. What is the greatest common divisor of o and 7?
7
Suppose -5*n - 69 = -2*x, 39 = 4*x - 2*x + n. Suppose 4*j + 55 = -29. Let h = j + 131. Calculate the greatest common divisor of x and h.
22
Let o be 212/8*-2 + 2. Suppose -3*m - 26 - 64 = 0. Let y = m - o. Calculate the greatest common divisor of 21 and y.
21
Suppose 144 = 31*q - 29*q. Let o be (-1)/(1/(-48)) - 0. Calculate the greatest common divisor of q and o.
24
Let a be (6/10)/((-48)/(-1280)). What is the highest common divisor of a and 304?
16
Let h(v) = -4*v. Let b be h(-17). Calculate the greatest common factor of 833 and b.
17
Suppose -12*b + 200 = 13*b. Suppose -4*k + 11 = -5, -5*y + 379 = -4*k. Let h = 111 - y. Calculate the greatest common factor of b and h.
8
Suppose -3*z = -2*z - 3*k - 77, 3*z + 4*k - 296 = 0. What is the greatest common divisor of z and 4?
4
Let i = -27 + 160. What is the greatest common factor of 19 and i?
19
Suppose a + 81 = r, -19*r + a - 339 = -23*r. What is the highest common divisor of 24 and r?
12
Let l be (110/15)/(4/42). Let v be (6/7)/(11/l). Calculate the highest common factor of 3 and v.
3
Suppose -75 = -1640*o + 1635*o. Calculate the highest common divisor of 885 and o.
15
Let i be -3 + 0 - 12/3. Let u = i + 35. What is the greatest common factor of u and 14?
14
Let q = -4 - -11. Suppose -109*c + 1014 = -1275. Calculate the greatest common divisor of c and q.
7
Let d(n) = n**3 + 17*n**2 + 14*n - 24. Let g be d(-16). Let p = -34 + 74. What is the greatest common factor of g and p?
8
Suppose 4*k + 54 = 2*u, 32*k = 37*k + 25. Let m(d) = d**3 + d**2 + 7*d + 2. Let a be m(5). Calculate the highest common divisor of u and a.
17
Let p(n) = 354*n**2 + 7*n + 3. Let s be p(-1). Calculate the highest common factor of s and 28.
14
Let m(p) = p**3 + 3*p**2 - 7*p - 10. Let d be ((-7 - 3) + 2)*2/4. Let n be m(d). Calculate the highest common factor of 1 and n.
1
Suppose 2*s + 4 = -0*s + 3*m, -5*s = 2*m - 28. Suppose s*n - 7*n + 9 = 0. Suppose 0*k - 54 = -n*k. Calculate the highest common factor of k and 2.
2
Suppose 34*n = 33*n + 85. Suppose -5*s = -5*o + 32 + 23, -s = 5*o - n. Calculate the highest common divisor of o and 80.
16
Let h = -7 - -18. Suppose h*r - 440 = 9*r. What is the highest common divisor of 44 and r?
44
Let l be (-36)/(-6)*2/(-3). Let o be 254 + (4/(-8) - (-6)/l). Calculate the greatest common divisor of 28 and o.
28
Suppose -6*x = -3*x + 2*q - 46, 0 = -2*x + q + 33. Calculate the highest common divisor of 16 and x.
16
Let c be (6/(-10) - -1)/((-14)/(-140)). Suppose -5*a = -5*o - 65, -5*a + 4*a + c*o + 4 = 0. Calculate the greatest common factor of a and 304.
16
Let t(v) = v**3 + 8*v**2 + 3*v - 10. Let g(m) = -m + 3. Let w be g(10). Let z be t(w). Suppose -2*s - s + z = 0. What is the highest common divisor of s and 18?
6
Let u be (274/6 - 1)/(30/45). Suppose 35 = 6*d - u. What is the greatest common divisor of d and 187?
17
Let u = -3 + -7. Let a = u - -59. What is the highest common divisor of a and 7?
7
Let f be (-68)/(-153) - 42976/(-18). Calculate the greatest common factor of f and 12.
12
Suppose 0 = p - 187 + 122. Calculate the greatest common factor of 13 and p.
13
Let y be -2 - 5/((-20)/(-8)). Let o = -4 - y. Suppose 2*g - h = 9, 3*g + 5*h - 8 - 12 = o. Calculate the highest common factor of 2 and g.
1
Let j be -1 + -1 - ((0 - 4) + -2). Suppose -2*c - 30 = -4*i - 3*c, -3*i = j*c - 16. Suppose 19 + 29 = 4*x. Calculate the highest common factor of i and x.
4
Let l(b) = 8*b**3 - 9*b**2 + 66*b. Let y be l(5). What is the greatest common divisor of y and 390?
65
Let j(q) = -q**3 + 7*q**2 - 7*q + 1. Let s be j(5). Let u be ((-5)/20 - (-61)/4) + 1. What is the greatest common factor of u and s?
16
Let z be (-9 - 414/(-45)) + 24/5. Calculate the greatest common divisor of 355 and z.
5
Let y = -2140 + 2141. Calculate the highest common factor of y and 256.
1
Suppose -4*y + 4 = -8. Let p = 14 + y. Let a(i) = -i**2 + 21*i - 93. Let c be a(11). What is the highest common divisor of p and c?
17
Let c be 5 - (3930/(-35) + (-16)/(-56)). Calculate the greatest common divisor of 9 and c.
9
Suppose 4*x + 3*m = -8, -4*x - 5*m - 2 = -3*x. Let a = x - -10. Suppose -5571*j + 5558*j + 936 = 0. Calculate the greatest common factor of a and j.
8
Suppose -3*a = -5*r + 10, 3*r - 2*a = -0 + 5. Let g be -9*(r/3 + -2). Calculate the highest common divisor of g and 3.
3
Let i be 5/25 - (-208)/10. Let p be -8 - (-1 - -1 - 3). Let t be (p + -37)*(-21)/6. Calculate the highest common factor of t and i.
21
Let r = -241 - -255. Calculate the greatest common factor of 238 and r.
14
